{"id":311,"date":"2023-07-08T00:55:05","date_gmt":"2023-07-07T22:55:05","guid":{"rendered":"https:\/\/vag-lorraine.fr\/?page_id=311"},"modified":"2026-03-30T23:19:13","modified_gmt":"2026-03-30T21:19:13","slug":"contact","status":"publish","type":"page","link":"https:\/\/vag-lorraine.fr\/index.php\/contact\/","title":{"rendered":"Contact"},"content":{"rendered":"\n<h2 class=\"wp-block-heading has-text-align-center ced_titre_contact has-ti-bg-alt-background-color has-text-color has-background\" style=\"color:#07063f;padding-top:5px;padding-right:5px;padding-bottom:5px;padding-left:5px\">Alors, on s&rsquo;appelle ?<\/h2>\n\n\n\n<div class=\"wp-block-columns alignwide are-vertically-aligned-center is-layout-flex wp-container-core-columns-is-layout-28f84493 wp-block-columns-is-layout-flex\">\n<div class=\"wp-block-column is-vertically-aligned-center is-layout-flow wp-block-column-is-layout-flow\" style=\"padding-right:var(--wp--preset--spacing--50);padding-left:var(--wp--preset--spacing--50);flex-basis:100%\">\n<p class=\"has-text-align-center has-ti-bg-alt-background-color has-background has-link-color has-small-font-size wp-elements-6069233627bde4cab291855870876942\"><strong>VAG Lorraine met \u00e0 disposition ces formulaires<\/strong>. <strong>En les remplissant, vous acceptez d&rsquo;utiliser nos services et avoir pris connaissance de <a href=\"https:\/\/vag-lorraine.fr\/index.php\/politique-de-confidentialite\/\">notre politique de confidentialit\u00e9<\/a> li\u00e9es au R\u00e8glement G\u00e9n\u00e9ral sur la Protection des Donn\u00e9es (RGPD) mis en application le 25 mai 2018<\/strong>.<\/p>\n<\/div>\n<\/div>\n\n\n\n<div class=\"wp-block-media-text alignfull is-stacked-on-mobile is-vertically-aligned-center has-ti-bg-alt-background-color has-background\"><figure class=\"wp-block-media-text__media\"><img loading=\"lazy\" decoding=\"async\" width=\"1024\" height=\"1024\" src=\"https:\/\/vag-lorraine.fr\/wp-content\/uploads\/2024\/01\/Homme-et-femme-Volkswagen-Vag-lorraine.jpg\" alt=\"Homme et femme Contactent VAG-Lorraine\" class=\"wp-image-2254 size-full\" srcset=\"https:\/\/vag-lorraine.fr\/wp-content\/uploads\/2024\/01\/Homme-et-femme-Volkswagen-Vag-lorraine.jpg 1024w, https:\/\/vag-lorraine.fr\/wp-content\/uploads\/2024\/01\/Homme-et-femme-Volkswagen-Vag-lorraine-300x300.jpg 300w, https:\/\/vag-lorraine.fr\/wp-content\/uploads\/2024\/01\/Homme-et-femme-Volkswagen-Vag-lorraine-150x150.jpg 150w, https:\/\/vag-lorraine.fr\/wp-content\/uploads\/2024\/01\/Homme-et-femme-Volkswagen-Vag-lorraine-768x768.jpg 768w\" sizes=\"auto, (max-width: 1024px) 100vw, 1024px\" \/><\/figure><div class=\"wp-block-media-text__content\">\n<div class=\"wp-block-columns alignwide is-layout-flex wp-container-core-columns-is-layout-d7d455e7 wp-block-columns-is-layout-flex\" style=\"padding-top:0;padding-right:0;padding-bottom:0;padding-left:0\">\n<div class=\"wp-block-column is-vertically-aligned-center animated fadeInLeft delay-1s has-border-color has-ti-bg-alt-background-color has-background has-global-padding is-content-justification-center is-layout-constrained wp-container-core-column-is-layout-4b84ef98 wp-block-column-is-layout-constrained\" style=\"border-color:#07063f;border-width:1px;padding-top:var(--wp--preset--spacing--60);padding-right:var(--wp--preset--spacing--50);padding-bottom:var(--wp--preset--spacing--60);padding-left:var(--wp--preset--spacing--50);flex-basis:100%\">\n<h2 class=\"wp-block-heading alignwide has-text-align-center has-ti-bg-alt-background-color has-text-color has-background has-large-font-size\" style=\"color:#091740\">Nous contacter<\/h2>\n\n\n\n<p>Besoin d&rsquo;informations sur un v\u00e9hicule ? Contactez d\u00e8s maintenant votre conseiller VAG Lorraine en utilisant le formulaire ci-dessous. Votre demande sera trait\u00e9e sous 24h.<\/p>\n\n\n\n<p><\/p>\n\n\n\n<style>\n    .wa-button-container {\n        display: flex;\n        justify-content: center;\n        margin: 20px 0;\n        padding: 0 15px; \/* \u00c9vite que le bouton touche les bords de l'\u00e9cran *\/\n    }\n\n    .wa-button {\n        background-color: #25D366;\n        color: white !important;\n        padding: 12px 20px;\n        border-radius: 50px;\n        text-decoration: none;\n        font-family: 'Segoe UI', Arial, sans-serif;\n        font-weight: 600;\n        display: inline-flex;\n        align-items: center;\n        gap: 10px;\n        transition: all 0.3s ease;\n        box-shadow: 0 4px 12px rgba(37, 211, 102, 0.3);\n        \/* Emp\u00eache le texte de passer \u00e0 la ligne *\/\n        white-space: nowrap; \n        font-size: 16px;\n    }\n\n    .wa-button:hover {\n        background-color: #128C7E;\n        transform: translateY(-2px);\n        box-shadow: 0 6px 15px rgba(37, 211, 102, 0.4);\n    }\n\n    .wa-icon {\n        width: 22px;\n        height: 22px;\n        fill: white;\n        flex-shrink: 0; \/* Emp\u00eache l'ic\u00f4ne de s'\u00e9craser *\/\n    }\n\n    \/* --- Adaptations Mobile --- *\/\n    @media (max-width: 480px) {\n        .wa-button {\n            padding: 10px 18px;\n            font-size: 14px; \/* R\u00e9duction l\u00e9g\u00e8re de la police *\/\n        }\n        \n        \/* On peut masquer le mot \"Nous contacter\" sur mobile pour gagner de la place *\/\n        .wa-text-long {\n            display: none;\n        }\n    }\n<\/style>\n\n<div class=\"wa-button-container\">\n    <a href=\"https:\/\/wa.me\/33665230273?text=Bonjour%20VAG%20Lorraine,%20je%20souhaiterais%20avoir%20des%20renseignements%20pour%20mon%20v%C3%A9hicule.\" \n       class=\"wa-button\" \n       target=\"_blank\">\n        <svg class=\"wa-icon\" viewBox=\"0 0 24 24\">\n            <path d=\"M17.472 14.382c-.297-.149-1.758-.867-2.03-.967-.273-.099-.471-.148-.67.15-.197.297-.767.966-.94 1.164-.173.199-.347.223-.644.075-.297-.15-1.255-.463-2.39-1.475-.883-.788-1.48-1.761-1.653-2.059-.173-.297-.018-.458.13-.606.134-.133.298-.347.446-.52.149-.174.198-.298.298-.497.099-.198.05-.371-.025-.52-.075-.149-.669-1.612-.916-2.207-.242-.579-.487-.5-.669-.51-.173-.008-.371-.01-.57-.01-.198 0-.52.074-.792.372-.272.297-1.04 1.016-1.04 2.479 0 1.462 1.065 2.875 1.213 3.074.149.198 2.096 3.2 5.077 4.487.709.306 1.262.489 1.694.625.712.227 1.36.195 1.871.118.571-.085 1.758-.719 2.006-1.413.248-.694.248-1.289.173-1.413-.074-.124-.272-.198-.57-.347m-5.421 7.403h-.004a9.87 9.87 0 01-5.031-1.378l-.361-.214-3.741.982.998-3.648-.235-.374a9.86 9.86 0 01-1.51-5.26c.001-5.45 4.436-9.884 9.888-9.884 2.64 0 5.122 1.03 6.988 2.898a9.825 9.825 0 012.893 6.994c-.003 5.45-4.437 9.884-9.885 9.884m8.413-18.297A11.815 11.815 0 0012.05 0C5.495 0 .16 5.335.157 11.892c0 2.096.547 4.142 1.588 5.945L.057 24l6.305-1.654a11.882 11.882 0 005.683 1.448h.005c6.554 0 11.89-5.335 11.893-11.893a11.821 11.821 0 00-3.48-8.413z\"\/>\n        <\/svg>\n        <span><span class=\"wa-text-long\">Nous contacter sur<\/span> WhatsApp<\/span>\n    <\/a>\n<\/div>\n\n\n\n<p>Nos coordonn\u00e9es : <strong>VAG Lorraine<\/strong><\/p>\n\n\n\n<ul style=\"color:#07063f\" class=\"wp-block-list has-text-color\">\n<li><strong><a href=\"https:\/\/www.google.fr\/maps\/place\/44+Rue+de+la+Vieille+Verrerie,+57540+Petite-Rosselle\/@49.2103062,6.8407937,17z\/data=!3m1!4b1!4m6!3m5!1s0x4795ada44f7e2021:0x8f82f348fc3c323!8m2!3d49.2103027!4d6.8433686!16s%2Fg%2F11c2dkt8rn?entry=ttu\" target=\"_blank\" rel=\"noreferrer noopener\">44 A Rue de la vieille verrerie, 57540 Petite-Rosselle.<\/a><\/strong><\/li>\n\n\n\n<li><strong>T\u00e9l\u00e9phone<\/strong>: 06 65 23 02 73<\/li>\n\n\n\n<li><strong>E-mail<\/strong>: <a href=\"mailto:vaglorraine57@gmail.com\">vaglorraine57@gmail.com<\/a><\/li>\n\n\n\n<li>R\u00e9seaux Sociaux : <strong><a href=\"https:\/\/www.facebook.com\/Vag57\/?locale=fr_FR\">Facebook<\/a><\/strong> &amp; <strong><a href=\"https:\/\/wa.me\/0033665230273\">Whatsapp<\/a><\/strong><\/li>\n<\/ul>\n<\/div>\n<\/div>\n<\/div><\/div>\n","protected":false},"excerpt":{"rendered":"<p>Alors, on s&rsquo;appelle ? VAG Lorraine met \u00e0 disposition ces formulaires. En les remplissant, vous acceptez d&rsquo;utiliser nos services et avoir pris connaissance de notre politique de confidentialit\u00e9 li\u00e9es au R\u00e8glement G\u00e9n\u00e9ral sur la Protection des Donn\u00e9es (RGPD) mis en application le 25 mai 2018.<\/p>\n","protected":false},"author":1,"featured_media":2106,"parent":0,"menu_order":0,"comment_status":"closed","ping_status":"closed","template":"","meta":{"_themeisle_gutenberg_block_has_review":false,"footnotes":""},"class_list":["post-311","page","type-page","status-publish","has-post-thumbnail","hentry"],"yoast_head":"<!-- This site is optimized with the Yoast SEO plugin v27.6 - https:\/\/yoast.com\/product\/yoast-seo-wordpress\/ -->\n<title>VAG LORRAINE - Contact<\/title>\n<meta name=\"description\" content=\"Vous cherchez un r\u00e9parateur sp\u00e9cialis\u00e9 Volkswagen \u00e0 Petite-Rosselle? Contactez VAG Lorraine ou prenez rendez vous en lorraine pr\u00e8s de chez vous !\" \/>\n<meta name=\"robots\" content=\"index, follow, max-snippet:-1, max-image-preview:large, max-video-preview:-1\" \/>\n<link rel=\"canonical\" href=\"https:\/\/vag-lorraine.fr\/index.php\/contact\/\" \/>\n<meta property=\"og:locale\" content=\"fr_FR\" \/>\n<meta property=\"og:type\" content=\"article\" \/>\n<meta property=\"og:title\" content=\"VAG LORRAINE - Contact\" \/>\n<meta property=\"og:description\" content=\"Vous cherchez un r\u00e9parateur sp\u00e9cialis\u00e9 Volkswagen \u00e0 Petite-Rosselle? Contactez VAG Lorraine ou prenez rendez vous en lorraine pr\u00e8s de chez vous !\" \/>\n<meta property=\"og:url\" content=\"https:\/\/vag-lorraine.fr\/index.php\/contact\/\" \/>\n<meta property=\"og:site_name\" content=\"VAG LORRAINE\" \/>\n<meta property=\"article:publisher\" content=\"https:\/\/www.facebook.com\/Vag57\/?locale=fr_FR\" \/>\n<meta property=\"article:modified_time\" content=\"2026-03-30T21:19:13+00:00\" \/>\n<meta property=\"og:image\" content=\"https:\/\/vag-lorraine.fr\/wp-content\/uploads\/2023\/09\/Telephone-VAG-Lorraine-scaled.jpg\" \/>\n\t<meta property=\"og:image:width\" content=\"2560\" \/>\n\t<meta property=\"og:image:height\" content=\"1707\" \/>\n\t<meta property=\"og:image:type\" content=\"image\/jpeg\" \/>\n<meta name=\"twitter:card\" content=\"summary_large_image\" \/>\n<meta name=\"twitter:label1\" content=\"Dur\u00e9e de lecture estim\u00e9e\" \/>\n\t<meta name=\"twitter:data1\" content=\"1 minute\" \/>\n<script type=\"application\/ld+json\" class=\"yoast-schema-graph\">{\"@context\":\"https:\\\/\\\/schema.org\",\"@graph\":[{\"@type\":\"WebPage\",\"@id\":\"https:\\\/\\\/vag-lorraine.fr\\\/index.php\\\/contact\\\/\",\"url\":\"https:\\\/\\\/vag-lorraine.fr\\\/index.php\\\/contact\\\/\",\"name\":\"VAG LORRAINE - Contact\",\"isPartOf\":{\"@id\":\"https:\\\/\\\/vag-lorraine.fr\\\/#website\"},\"primaryImageOfPage\":{\"@id\":\"https:\\\/\\\/vag-lorraine.fr\\\/index.php\\\/contact\\\/#primaryimage\"},\"image\":{\"@id\":\"https:\\\/\\\/vag-lorraine.fr\\\/index.php\\\/contact\\\/#primaryimage\"},\"thumbnailUrl\":\"https:\\\/\\\/vag-lorraine.fr\\\/wp-content\\\/uploads\\\/2023\\\/09\\\/Telephone-VAG-Lorraine-scaled.jpg\",\"datePublished\":\"2023-07-07T22:55:05+00:00\",\"dateModified\":\"2026-03-30T21:19:13+00:00\",\"description\":\"Vous cherchez un r\u00e9parateur sp\u00e9cialis\u00e9 Volkswagen \u00e0 Petite-Rosselle? Contactez VAG Lorraine ou prenez rendez vous en lorraine pr\u00e8s de chez vous !\",\"breadcrumb\":{\"@id\":\"https:\\\/\\\/vag-lorraine.fr\\\/index.php\\\/contact\\\/#breadcrumb\"},\"inLanguage\":\"fr-FR\",\"potentialAction\":[{\"@type\":\"ReadAction\",\"target\":[\"https:\\\/\\\/vag-lorraine.fr\\\/index.php\\\/contact\\\/\"]}]},{\"@type\":\"ImageObject\",\"inLanguage\":\"fr-FR\",\"@id\":\"https:\\\/\\\/vag-lorraine.fr\\\/index.php\\\/contact\\\/#primaryimage\",\"url\":\"https:\\\/\\\/vag-lorraine.fr\\\/wp-content\\\/uploads\\\/2023\\\/09\\\/Telephone-VAG-Lorraine-scaled.jpg\",\"contentUrl\":\"https:\\\/\\\/vag-lorraine.fr\\\/wp-content\\\/uploads\\\/2023\\\/09\\\/Telephone-VAG-Lorraine-scaled.jpg\",\"width\":2560,\"height\":1707,\"caption\":\"Contact VAG Lorraine\"},{\"@type\":\"BreadcrumbList\",\"@id\":\"https:\\\/\\\/vag-lorraine.fr\\\/index.php\\\/contact\\\/#breadcrumb\",\"itemListElement\":[{\"@type\":\"ListItem\",\"position\":1,\"name\":\"Accueil\",\"item\":\"https:\\\/\\\/vag-lorraine.fr\\\/\"},{\"@type\":\"ListItem\",\"position\":2,\"name\":\"Contact\"}]},{\"@type\":\"WebSite\",\"@id\":\"https:\\\/\\\/vag-lorraine.fr\\\/#website\",\"url\":\"https:\\\/\\\/vag-lorraine.fr\\\/\",\"name\":\"VAG LORRAINE\",\"description\":\"Optimisez les options de votre voiture\",\"publisher\":{\"@id\":\"https:\\\/\\\/vag-lorraine.fr\\\/#organization\"},\"potentialAction\":[{\"@type\":\"SearchAction\",\"target\":{\"@type\":\"EntryPoint\",\"urlTemplate\":\"https:\\\/\\\/vag-lorraine.fr\\\/?s={search_term_string}\"},\"query-input\":{\"@type\":\"PropertyValueSpecification\",\"valueRequired\":true,\"valueName\":\"search_term_string\"}}],\"inLanguage\":\"fr-FR\"},{\"@type\":\"Organization\",\"@id\":\"https:\\\/\\\/vag-lorraine.fr\\\/#organization\",\"name\":\"VAG Lorraine\",\"url\":\"https:\\\/\\\/vag-lorraine.fr\\\/\",\"logo\":{\"@type\":\"ImageObject\",\"inLanguage\":\"fr-FR\",\"@id\":\"https:\\\/\\\/vag-lorraine.fr\\\/#\\\/schema\\\/logo\\\/image\\\/\",\"url\":\"https:\\\/\\\/vag-lorraine.fr\\\/wp-content\\\/uploads\\\/2025\\\/10\\\/bleu@2x-scaled.png\",\"contentUrl\":\"https:\\\/\\\/vag-lorraine.fr\\\/wp-content\\\/uploads\\\/2025\\\/10\\\/bleu@2x-scaled.png\",\"width\":2560,\"height\":854,\"caption\":\"VAG Lorraine\"},\"image\":{\"@id\":\"https:\\\/\\\/vag-lorraine.fr\\\/#\\\/schema\\\/logo\\\/image\\\/\"},\"sameAs\":[\"https:\\\/\\\/www.facebook.com\\\/Vag57\\\/?locale=fr_FR\"]}]}<\/script>\n<!-- \/ Yoast SEO plugin. -->","yoast_head_json":{"title":"VAG LORRAINE - Contact","description":"Vous cherchez un r\u00e9parateur sp\u00e9cialis\u00e9 Volkswagen \u00e0 Petite-Rosselle? Contactez VAG Lorraine ou prenez rendez vous en lorraine pr\u00e8s de chez vous !","robots":{"index":"index","follow":"follow","max-snippet":"max-snippet:-1","max-image-preview":"max-image-preview:large","max-video-preview":"max-video-preview:-1"},"canonical":"https:\/\/vag-lorraine.fr\/index.php\/contact\/","og_locale":"fr_FR","og_type":"article","og_title":"VAG LORRAINE - Contact","og_description":"Vous cherchez un r\u00e9parateur sp\u00e9cialis\u00e9 Volkswagen \u00e0 Petite-Rosselle? Contactez VAG Lorraine ou prenez rendez vous en lorraine pr\u00e8s de chez vous !","og_url":"https:\/\/vag-lorraine.fr\/index.php\/contact\/","og_site_name":"VAG LORRAINE","article_publisher":"https:\/\/www.facebook.com\/Vag57\/?locale=fr_FR","article_modified_time":"2026-03-30T21:19:13+00:00","og_image":[{"width":2560,"height":1707,"url":"https:\/\/vag-lorraine.fr\/wp-content\/uploads\/2023\/09\/Telephone-VAG-Lorraine-scaled.jpg","type":"image\/jpeg"}],"twitter_card":"summary_large_image","twitter_misc":{"Dur\u00e9e de lecture estim\u00e9e":"1 minute"},"schema":{"@context":"https:\/\/schema.org","@graph":[{"@type":"WebPage","@id":"https:\/\/vag-lorraine.fr\/index.php\/contact\/","url":"https:\/\/vag-lorraine.fr\/index.php\/contact\/","name":"VAG LORRAINE - Contact","isPartOf":{"@id":"https:\/\/vag-lorraine.fr\/#website"},"primaryImageOfPage":{"@id":"https:\/\/vag-lorraine.fr\/index.php\/contact\/#primaryimage"},"image":{"@id":"https:\/\/vag-lorraine.fr\/index.php\/contact\/#primaryimage"},"thumbnailUrl":"https:\/\/vag-lorraine.fr\/wp-content\/uploads\/2023\/09\/Telephone-VAG-Lorraine-scaled.jpg","datePublished":"2023-07-07T22:55:05+00:00","dateModified":"2026-03-30T21:19:13+00:00","description":"Vous cherchez un r\u00e9parateur sp\u00e9cialis\u00e9 Volkswagen \u00e0 Petite-Rosselle? Contactez VAG Lorraine ou prenez rendez vous en lorraine pr\u00e8s de chez vous !","breadcrumb":{"@id":"https:\/\/vag-lorraine.fr\/index.php\/contact\/#breadcrumb"},"inLanguage":"fr-FR","potentialAction":[{"@type":"ReadAction","target":["https:\/\/vag-lorraine.fr\/index.php\/contact\/"]}]},{"@type":"ImageObject","inLanguage":"fr-FR","@id":"https:\/\/vag-lorraine.fr\/index.php\/contact\/#primaryimage","url":"https:\/\/vag-lorraine.fr\/wp-content\/uploads\/2023\/09\/Telephone-VAG-Lorraine-scaled.jpg","contentUrl":"https:\/\/vag-lorraine.fr\/wp-content\/uploads\/2023\/09\/Telephone-VAG-Lorraine-scaled.jpg","width":2560,"height":1707,"caption":"Contact VAG Lorraine"},{"@type":"BreadcrumbList","@id":"https:\/\/vag-lorraine.fr\/index.php\/contact\/#breadcrumb","itemListElement":[{"@type":"ListItem","position":1,"name":"Accueil","item":"https:\/\/vag-lorraine.fr\/"},{"@type":"ListItem","position":2,"name":"Contact"}]},{"@type":"WebSite","@id":"https:\/\/vag-lorraine.fr\/#website","url":"https:\/\/vag-lorraine.fr\/","name":"VAG LORRAINE","description":"Optimisez les options de votre voiture","publisher":{"@id":"https:\/\/vag-lorraine.fr\/#organization"},"potentialAction":[{"@type":"SearchAction","target":{"@type":"EntryPoint","urlTemplate":"https:\/\/vag-lorraine.fr\/?s={search_term_string}"},"query-input":{"@type":"PropertyValueSpecification","valueRequired":true,"valueName":"search_term_string"}}],"inLanguage":"fr-FR"},{"@type":"Organization","@id":"https:\/\/vag-lorraine.fr\/#organization","name":"VAG Lorraine","url":"https:\/\/vag-lorraine.fr\/","logo":{"@type":"ImageObject","inLanguage":"fr-FR","@id":"https:\/\/vag-lorraine.fr\/#\/schema\/logo\/image\/","url":"https:\/\/vag-lorraine.fr\/wp-content\/uploads\/2025\/10\/bleu@2x-scaled.png","contentUrl":"https:\/\/vag-lorraine.fr\/wp-content\/uploads\/2025\/10\/bleu@2x-scaled.png","width":2560,"height":854,"caption":"VAG Lorraine"},"image":{"@id":"https:\/\/vag-lorraine.fr\/#\/schema\/logo\/image\/"},"sameAs":["https:\/\/www.facebook.com\/Vag57\/?locale=fr_FR"]}]}},"_links":{"self":[{"href":"https:\/\/vag-lorraine.fr\/index.php\/wp-json\/wp\/v2\/pages\/311","targetHints":{"allow":["GET"]}}],"collection":[{"href":"https:\/\/vag-lorraine.fr\/index.php\/wp-json\/wp\/v2\/pages"}],"about":[{"href":"https:\/\/vag-lorraine.fr\/index.php\/wp-json\/wp\/v2\/types\/page"}],"author":[{"embeddable":true,"href":"https:\/\/vag-lorraine.fr\/index.php\/wp-json\/wp\/v2\/users\/1"}],"replies":[{"embeddable":true,"href":"https:\/\/vag-lorraine.fr\/index.php\/wp-json\/wp\/v2\/comments?post=311"}],"version-history":[{"count":315,"href":"https:\/\/vag-lorraine.fr\/index.php\/wp-json\/wp\/v2\/pages\/311\/revisions"}],"predecessor-version":[{"id":3336,"href":"https:\/\/vag-lorraine.fr\/index.php\/wp-json\/wp\/v2\/pages\/311\/revisions\/3336"}],"wp:featuredmedia":[{"embeddable":true,"href":"https:\/\/vag-lorraine.fr\/index.php\/wp-json\/wp\/v2\/media\/2106"}],"wp:attachment":[{"href":"https:\/\/vag-lorraine.fr\/index.php\/wp-json\/wp\/v2\/media?parent=311"}],"curies":[{"name":"wp","href":"https:\/\/api.w.org\/{rel}","templated":true}]}}